mon divisor of 1884 and 84.
12
What is the highest common divisor of 1665 and 740?
185
What is the greatest common factor of 16701 and 456?
57
Calculate the greatest common factor of 434 and 14.
14
Calculate the greatest common factor of 13 and 299.
13
Calculate the highest common factor of 18792 and 232.
232
What is the greatest common factor of 403 and 26?
13
Calculate the highest common factor of 2943 and 218.
109
What is the greatest common divisor of 3450 and 138?
138
What is the greatest common factor of 1071 and 9?
9
Calculate the greatest common factor of 78 and 26.
26
Calculate the greatest common divisor of 1 and 23.
1
What is the greatest common divisor of 1176 and 18?
6
Calculate the greatest common factor of 115 and 115.
115
Calculate the highest common divisor of 2288 and 2376.
88
What is the greatest common divisor of 3 and 729?
3
Calculate the highest common factor of 340 and 20.
20
What is the greatest common factor of 294 and 6?
6
What is the greatest common divisor of 882 and 3654?
126
What is the highest common factor of 152 and 248?
8
What is the highest common factor of 5670 and 70?
70
What is the greatest common factor of 24696 and 2205?
441
What is the highest common divisor of 1770 and 7611?
177
What is the highest common factor of 96 and 3888?
48
What is the greatest common divisor of 10 and 1370?
10
What is the highest common factor of 448 and 1456?
112
Calculate the highest common divisor of 472 and 59.
59
What is the greatest common divisor of 26 and 390?
26
What is the greatest common factor of 580 and 493?
29
What is the highest common factor of 7857 and 324?
81
Calculate the greatest common divisor of 12 and 68.
4
Calculate the greatest common divisor of 156 and 2052.
12
Calculate the greatest common factor of 18 and 27.
9
Calculate the greatest common divisor of 748 and 340.
68
Calculate the greatest common divisor of 2 and 128.
2
Calculate the highest common divisor of 88 and 16.
8
Calculate the highest common factor of 256 and 192.
64
Calculate the greatest common factor of 594 and 216.
54
Calculate the greatest common divisor of 992 and 32.
32
Calculate the highest common divisor of 3639 and 6.
3
What is the greatest common factor of 1300 and 2350?
50
Calculate the greatest common factor of 75 and 360.
15
What is the highest common divisor of 115 and 5?
5
What is the highest common divisor of 8052 and 99?
33
What is the greatest common divisor of 9 and 225?
9
What is the greatest common factor of 2438 and 318?
106
What is the greatest common factor of 297 and 54?
27
Calculate the highest common factor of 262 and 21746.
262
Calculate the greatest common factor of 682 and 248.
62
Calculate the greatest common divisor of 14 and 847.
7
Calculate the highest common factor of 117 and 27.
9
Calculate the highest common divisor of 1 and 4.
1
What is the highest common divisor of 18 and 153?
9
What is the highest common divisor of 43 and 817?
43
What is the highest common divisor of 14017 and 321?
107
Calculate the greatest common factor of 5320 and 40.
40
Calculate the greatest common factor of 18 and 40.
2
What is the highest common factor of 85 and 22780?
85
What is the highest common factor of 55913 and 17?
17
Calculate the greatest common divisor of 8992 and 8.
8
What is the greatest common factor of 18 and 20?
2
What is the highest common divisor of 62 and 2015?
31
What is the greatest common factor of 2736 and 720?
144
What is the greatest common factor of 204 and 153?
51
What is the highest common divisor of 2295 and 108?
27
What is the highest common divisor of 1092 and 21567?
273
Calculate the highest common divisor of 9475 and 25.
25
Calculate the greatest common factor of 228 and 102.
6
What is the highest common factor of 276 and 27600?
276
Calculate the greatest common factor of 14440 and 1140.
380
Calculate the highest common divisor of 1457 and 94.
47
What is the greatest common divisor of 264 and 99?
33
Calculate the highest common factor of 2247 and 21.
21
Calculate the highest common divisor of 49 and 637.
49
Calculate the greatest common divisor of 16192 and 11.
11
What is the highest common divisor of 425 and 525?
25
What is the greatest common divisor of 16 and 704?
16
What is the greatest common factor of 9030 and 70?
70
Calculate the highest common factor of 570 and 2242.
38
What is the highest common divisor of 255 and 1955?
85
Calculate the greatest common factor of 1810 and 80.
10
Calculate the highest common factor of 18 and 261.
9
What is the highest common divisor of 1159 and 38?
19
Calculate the greatest common factor of 4660 and 90.
10
What is the greatest common factor of 29 and 137?
1
What is the greatest common divisor of 18419 and 163?
163
What is the greatest common divisor of 854 and 126?
14
Calculate the greatest common factor of 139 and 139.
139
What is the highest common divisor of 1110 and 148?
74
Calculate the greatest common divisor of 1 and 3.
1
What is the greatest common factor of 14 and 161?
7
Calculate the greatest common factor of 192 and 448.
64
What is the greatest common divisor of 20 and 40?
20
Calculate the highest common factor of 148 and 222.
74
What is the highest common divisor of 1488 and 1302?
186
Calculate the greatest common factor of 160 and 400.
80
What is the highest common divisor of 70 and 56?
14
Calculate the highest common divisor of 620 and 40.
20
What is the greatest common divisor of 32 and 4?
4
What is the greatest common factor of 3234 and 66?
66
What is the greatest common divisor of 336 and 1113?
21
What is the greatest common divisor of 15 and 185?
5
Calculate the greatest common factor of 110 and 70.
10
What is the greatest common divisor of 2000 and 144?
16
Calculate the highest common factor of 200 and 14050.
50
Calculate the highest common divisor of 7 and 128.
1
Calculate the greatest common divisor of 11 and 616.
11
Calculate the greatest common divisor of 211 and 27008.
211
What is the greatest common factor of 1584 and 48?
48
What is the highest common divisor of 10 and 305?
5
Calculate the greatest common factor of 92 and 5267.
23
Calculate the greatest common factor of 130 and 6305.
65
Calculate the greatest common divisor of 344 and 43.
43
What is the highest common factor of 817 and 989?
43
What is the greatest common factor of 9 and 135?
9
Calculate the greatest common divisor of 2480 and 80.
80
What is the highest common divisor of 1757 and 4267?
251
Calculate the highest common divisor of 1869 and 21.
21
Calculate the highest common divisor of 352 and 44.
44
Calculate the greatest common divisor of 5092 and 152.
76
Calculate the highest common divisor of 86 and 301.
43
What is the greatest common factor of 68 and 3332?
68
What is the greatest common factor of 579 and 2509?
193
Calculate the highest common factor of 19845 and 140.
35
Calculate the greatest common divisor of 440 and 2970.
110
Calculate the greatest common divisor of 14795 and 1076.
269
What is the highest common divisor of 28 and 6?
2
Calculate the greatest common divisor of 286 and 38467.
143
Calculate the greatest common factor of 1365 and 4875.
195
Calculate the greatest common factor of 61 and 61.
61
What is the greatest common factor of 1595 and 11?
11
What is the greatest common factor of 84 and 2058?
42
What is the highest common divisor of 1206 and 72?
18
What is the highest common divisor of 116 and 2?
2
What is the highest common factor of 198 and 2304?
18
Calculate the highest common factor of 54 and 846.
18
Calculate the greatest common factor of 484 and 847.
121
What is the highest common factor of 378 and 9282?
42
Calculate the highest common divisor of 1386 and 198.
198
What is the greatest common divisor of 760 and 50?
10
Calculate the highest common divisor of 1548 and 18.
18
Calculate the highest common factor of 8096 and 69.
23
Calculate the greatest common factor of 1508 and 13.
13
What is the greatest common factor of 84 and 7?
7
What is the greatest common factor of 144 and 10?
2
What is the greatest common factor of 98 and 238?
14
Calculate the highest common factor of 105 and 30.
15
Calculate the highest common divisor of 35 and 3899.
7
What is the greatest common divisor of 1007 and 19?
19
Calculate the greatest common factor of 12